-126)). Let x(s) = -5 + 5*s + 213545*s**2 - 3 - 213544*s**2 + 5*s. What is x(a)?
-17
Let t(r) = -59 + 13 - r + 30 + 14. Determine t(-14).
12
Let a(t) be the first derivative of t**5/60 + t**4/3 + 3*t**3/2 - 32*t**2 + 71. Let d(p) be the second derivative of a(p). What is d(-6)?
-3
Let m(z) = z**3 + 11*z**2 - 11*z + 8. Let s(b) = b**3 + 11*b**2 + 4*b + 23. Let c be s(-10). Suppose -77*y + 72 = -c*y. Give m(y).
-4
Let h(p) = p**3 + p**2 - p. Suppose -15 + 13 = 3*x - 2*t, 0 = 3*x - 3*t + 6. Calculate h(x).
10
Let v(m) = 70*m**2 - 33*m - 5. Let t(u) = 70*u**2 - 40*u - 6. Let s(p) = 5*t(p) - 6*v(p). Calculate s(1).
-72
Let p(d) = 11*d**2 - d + 7. Let f(x) = 5*x**2 + 3. Let i(h) = 13*f(h) - 6*p(h). Suppose 3*q + 3*o + 3 = 0, 2*q + 7 + 4 = -5*o. Determine i(q).
5
Let i(m) = 6*m - 8 + 0 - 564920*m**2 + 564919*m**2. Let z be 46/8 - 1/(-4). Determine i(z).
-8
Let j = 3694 + -3681. Let b(m) = m**3 - 16*m**2 + 39*m - 2. What is b(j)?
-2
Let b(l) = 70*l**2 - 46*l + 16. Let u(w) = 156*w**2 - 91*w + 31. Let p(j) = -9*b(j) + 4*u(j). Calculate p(8).
-4
Let h(j) = -4*j + 45. Let r = -5180 - -5190. What is h(r)?
5
Let z(p) = -p**3 + 9*p**2 + 4*p + 6. Let t(i) = i**2 + i + 1. Suppose 5*m + 3*y - 4 = 0, 0*m = -2*m + 4*y - 14. Let g(c) = m*z(c) + 5*t(c). Give g(4).
3
Let h(y) be the second derivative of y**5/20 + 3*y**4/4 + y**3 - 9*y**2/2 - 2*y + 92. Suppose 0 = -3*c - 4*k - 24, 2*c + k = -1 - 15. Determine h(c).
7
Let b = -64 + 78. Let t(n) = -b + 5*n - 6*n + 2. Give t(-9).
-3
Let k(n) = -n - 11. Let b be k(-4). Let o = b - -2. Let f(m) = 2*m - 10. Let z(y) = 11*y - 60. Let d(r) = -6*f(r) + z(r). Give d(o).
5
Let f(r) = 2*r**2 - 6*r. Let i(q) = 2*q**2 - 14*q + 2. Let h be i(7). Suppose 5*g + 5 = -c - 16, -2*c - h*g - 2 = 0. Determine f(c).
8
Let x(h) be the second derivative of h**3 + 5*h**2 - h. Let r be x(4). Let s = r + -33. Let d(u) = -4*u + 1. Give d(s).
-3
Let i(h) = 1778 - h**2 + 1837 - 24*h**3 - 3614. Let x(v) = v**2 + 5*v - 7. Let t be x(-6). Determine i(t).
24
Let o be ((5 - 2) + (-63)/18)*-4. Let x(m) = -m**3 - 3*m**2 + 2*m + 1. Calculate x(o).
-15
Let r = -9545 - -9550. Let a(b) = b**3 - 5*b**2 - 11*b + 12. Let q(g) = 2*g**3 - 10*g**2 - 21*g + 23. Let w(x) = 11*a(x) - 6*q(x). What is w(r)?
19
Let n(x) = x**3 - 15*x + 10. Let t(o) = o**3 - 5*o**2 - 29*o + 19. Let w(l) = -5*n(l) + 3*t(l). Calculate w(-6).
-29
Suppose 72 - 84 = 3*h. Let t(k) = 2*k**2 - 16*k + 19. Let p be t(7). Let g be p/h*20/5*-1. Let o(d) = -d**2 + 5*d - 7. Calculate o(g).
-7
Let p be 2 + 2 - (2 + 12/6). Let g(s) = -s**2 + 4*s + 7*s**2 + p*s**2 - s**3 - 3 + 2. Calculate g(6).
23
Suppose -185*h = -61*h + 225*h - 3839. Suppose 30 = 2*d + 2. Let q(m) = -6*m + m**3 - 12*m**2 - 2 + d*m + 3*m. Determine q(h).
-2
Let y(b) = -15*b**2 + 16*b - 32. Let c(f) = -8*f**2 + 8*f - 17. Let t(j) = 11*c(j) - 6*y(j). Let o(i) = -i**2 + 1. Let p(d) = o(d) + t(d). Give p(7).
-1
Let z(q) = -q**2 + 8*q - 1. Suppose 2*s - 4*n + 50 = -2, n + 77 = -4*s. Let l be (1548/s)/(-9) + 4/10. Calculate z(l).
-10
Let v(x) = -2 + 0*x - 4 + 2 + 3*x. Let i = -50 - -78. Suppose 6*k - 8 = i. Give v(k).
14
Let z = 65 + -64. Let o(l) = -4 - 15*l - z + 4 + 29*l. Calculate o(-1).
-15
Let k(r) = -24*r**2 - 274 - r**3 + 89 + 87 + 90 - 24*r. Determine k(-23).
15
Let k(d) be the second derivative of -d**4/6 + 14*d**3/3 - 25*d**2 - 51*d. Give k(12).
-2
Let t = -127 + 129. Let l(q) = -1 - 5 - q**t - q - 2*q + 8*q. Calculate l(5).
-6
Suppose 37 = -3*b + 2*v, -2*v - 100 = -4*b - 146. Let u(z) = -z**2 - 3*z + 11. What is u(b)?
-43
Let w be 16 + -8 + -12 - -4*1. Let o(d) be the second derivative of -1/12*d**4 - 2*d**2 - d + w + 1/6*d**3. Determine o(0).
-4
Let g(q) = 3*q**2 - q - 21. Let j be g(-4). Suppose -18*o = 23 + j. Let x(n) be the first derivative of 3*n**2 - 2*n - 1. Determine x(o).
-20
Let s(i) = 2*i - 1. Let h = -43 - -63. Suppose 0 = 4*n + h - 68. Suppose -9 = n*m - 15*m. Calculate s(m).
5
Let v(o) be the first derivative of o**3/3 + 8*o**2 - 50*o + 923. Calculate v(-19).
7
Let n(w) = 24*w**2 + 14*w + 40. Let h be n(-3). Let z(c) = c**2 - 2*c**2 - c**3 + 3 + h*c - 215*c. Calculate z(0).
3
Let l(x) be the second derivative of 7*x**3/6 - 53*x**2/2 + 1953*x. What is l(7)?
-4
Let n = 1 - 6. Let h(o) = 7*o**3 + 12*o**2 + 6*o + 263. Let k(b) = 3*b**3 + 6*b**2 + 3*b + 105. Let u(p) = 2*h(p) - 5*k(p). Give u(n).
-9
Let w(a) = -a**2 + 9*a + 27. Suppose -5*i - 507 + 565 = 4*m, i = 3*m - 34. What is w(m)?
-9
Let x(i) = -19*i + 16*i - 102 + 121. Give x(14).
-23
Let y(k) be the second derivative of -k**3/6 + 21*k - 2. Let s(q) be the first derivative of 5*q**2/2 + q - 13. Let l(d) = -s(d) - 4*y(d). Calculate l(6).
-7
Suppose -3*k - 1 = -2*v, -3*v - k + 14 = -3*k. Let d(a) be the first derivative of -2*a + 7/2*a**2 - 3*a**3 - 31 + 1/4*a**4. Calculate d(v).
-10
Let x = 5 - -2. Let y = 143 - 113. Let c(p) = -1 - 27*p + 58*p - y*p. Determine c(x).
6
Suppose -2*g + 28 = -0*g + 4*o, 4*g = -3*o + 36. Let l(d) = d**2 - 4*d - 6. Let t be l(g). Let f(r) = 0*r + 8 + 0 - r. Determine f(t).
2
Let w(l) = -12*l - 1. Let i(r) = r**3 - 28*r**2 - 31*r + 58. Let d be i(29). Suppose 2*k + 10 - 6 = -3*h, k - 4*h - 9 = d. What is w(k)?
-13
Let n(c) = -1206 - 100*c - 94*c - 58*c**3 + 1207 + 193*c - 3*c**2. Determine n(-1).
57
Let j(b) = -12*b**2 + 2*b - 1. Let v(q) = -2*q**3 - 11*q**2 + 13*q + 11. Let d be v(-6). Suppose -5*n - 182 + 32 = 0. Let i = n - d. Give j(i).
-11
Let k be (15 + -23)*(0 + 10/(-8)). Suppose 3*d - k = -2*d. Suppose o + o + 7 = -y, d*y - 2*o = 4. Let j(p) = 8*p**2 + p + 1. What is j(y)?
8
Let n(b) be the third derivative of 1/24*b**4 - 140*b - 1/3*b**3 + b**2 + 0 + 1/5*b**5. Determine n(2).
48
Let p(q) = -q**3 - 11*q**2 + 11*q + 1. Let t be p(-12). Let s(h) = h**2 - 12*h + 17. What is s(t)?
30
Let w(i) = -2*i. Let n = -4076 - -4078. Determine w(n).
-4
Let b = -98 - -101. Let n(u) be the first derivative of -2/3*u**b - 9 + 3*u - u**2. Give n(-3).
-9
Let w(i) = -5*i**2 + 4*i + 5. Suppose 1776*p + 42 = 1755*p. Give w(p).
-23
Let l(i) be the third derivative of -i**4/8 - 5*i**3/2 + 839*i**2. Calculate l(-7).
6
Let p = -53 - -62. Suppose p*q + 355 = 4*q. Let r = q - -71. Let h(t) = t**2 - t. Calculate h(r).
0
Let u(y) = y**3 + 10*y**2. Let v be u(-10). Let f(l) = -99*l - 101*l + 26 + 318*l - 119*l. Calculate f(v).
26
Let d(a) = 42*a - 317. Let r(t) = 7*t + 1. Let v(b) = d(b) - r(b). Let k be v(9). Let f(y) = -13*y. What is f(k)?
39
Let s(d) be the second derivative of d**4/12 - 5*d**3/6 - 2*d**2 + 5*d + 101. What is s(7)?
10
Let s(q) = -q**3 - 5*q**2 - q - 7. Let j be s(-5). Let h = -6 - j. Let n(r) = -2083*r - 2083*r - 2082*r + 1 + 8331*r - 2084*r + 4. Calculate n(h).
9
Let v(w) be the first derivative of w**4 - w**3/3 - w**2 - 2*w + 6. Give v(-1).
-5
Let q be -3 - 2/(12/(-30)). Let p(g) = 4 + 5 - 2*g - 15 + 0*g - 3*g**q - g**3 + 4. Determine p(-2).
-2
Suppose -p + 5 = 2. Let j(x) be the third derivative of 0*x + 1/2*x**3 + 1/30*x**5 - 5/24*x**4 + 0 + 21*x**2. Determine j(p).
6
Let h(a) = -7*a**3 - 6*a**2 - 230*a + 21. Let n(f) = -4*f**3 - 3*f**2 - 139*f + 11. Let k(d) = -3*h(d) + 5*n(d). Determine k(-3).
7
Suppose 0 = -5*g + 4 + 1, 0 = 4*c + 5*g - 1. Let a(f) be the first derivative of -6*f**2 - f + 5156. Determine a(c).
11
Suppose 3*a = 5*y - 4, -3*a - 21 + 19 = -4*y. Let g(f) be the third derivative of f**6/120 - f**5/20 + f**4/6 - 2*f**3/3 + 7*f**2. Calculate g(a).
0
Let a(q) = -q**3 + 12*q**2 + 9*q - 220. Let t be a(11). Let b(p) be the third derivative of -p**4/12 + 5*p**3/6 + 16*p**2. Give b(t).
5
Let l(f) = -123*f - 37 + 101*f + 11*f + 2*f + 8*f. Calculate l(-49).
12
Let u = 2451 - 2442. Let t(h) = -2*h**3 + 19*h**2 - 7*h + 8. Give t(u).
26
Let z(w) = 482*w - 955*w + 32 + 484*w - 48 - w**2. Calculate z(8).
8
Let f(t) = 7*t**2 - 122*t + 22. Let v(l) = 141*l**2 - 2440*l + 445. Let z(w) = -41*f(w) + 2*v(w). Give z(24).
36
Let h(y) = y + 1. Suppose 17*x - 18*x + 49 = -4*m, 2*m = -3*x + 161. Suppose 72 = -z + 2*d + 3*d, 12 = 4*d. Let q = x + z. What is h(q)?
-3
Let p(u) = -7*u**3 - 2*u**2 + 1. Let g(h) = 7*h - 20. Let t be g(6). Suppose -3*s - 2*l - 38 = 3*l, 5*s - 2*l = -t. Let a be 8/s - 2*5/(-30). Calculate p(a).
6
Let t(z) = z. Let d be (-10)/25*1 - 2920/(-50). Let w be (63 - d)*(-12)/(-10). Give t(w).
6
Let f(q) = -2*q - 9. Let a = 4